 Suppose 0 = -7*x - 10*x + b. What is the units digit of x?
1
What is the tens digit of 6902 + (-43)/((-731)/102) + (-1 - 0)?
0
What is the ten thousands digit of (-12 - -13) + -14 + 4 + 1*60814?
6
Suppose 706*r - 175*r = 36413325. What is the thousands digit of r?
8
What is the tens digit of ((-1707)/(-6))/(5327/532 - 10)?
2
Suppose 3*o - 13 = 32. Suppose -13 + o = u. Suppose -u*f = 3*f - 165. What is the units digit of f?
3
Suppose 3*f = -17*v + 14*v - 1788, 0 = 3*v - 12. Let h = f + 989. What is the hundreds digit of h?
3
Let f be (-14 + -47)/((-3)/12). Let m = -130 + f. What is the units digit of m?
4
Suppose -1383 + 2719 = -v. Let w = v + 2693. What is the tens digit of w?
5
Suppose 0 = 14*g - 89 - 9. What is the tens digit of 1/g + (-153)/(-7)?
2
What is the thousands digit of (8*(-4)/(-24))/((-254)/(-3654933))?
9
Let m be (6/4)/((-9)/162). Let t = -29 - m. What is the units digit of (-20)/10*(t - 2)?
8
What is the hundreds digit of (-77185780)/(-3731) - 4/(-13)?
6
Let b = 38868 - 13587. What is the ten thousands digit of b?
2
Suppose -56593*k + 56581*k = -33120. What is the hundreds digit of k?
7
Suppose -7 - 3 = -2*a, -5*a = -3*j + 15020. What is the units digit of j?
5
Suppose -2*v = -6*v, -2*b + 6 = -3*v. Suppose 7*w - 15 = 2*w, -b*k + 1098 = w. Suppose -k + 5 = -6*x. What is the tens digit of x?
6
Suppose -18*g + 79 = 7. Suppose 0 = 3*z - 5*z + 4*h + 398, 3*z - g*h - 599 = 0. What is the hundreds digit of z?
2
Suppose 3*n + 8 = 4*p, 7*p - 25 = 2*p. Suppose 5*q + 3*a = 6, -5*q + n*a - 9 = -1. Suppose -5*f + 1368 - 33 = q. What is the units digit of f?
7
Suppose 42*r - 41*r = -14821. Let g be r/(-4) - (-10)/(-40). Suppose -17*q = 169 - g. What is the tens digit of q?
0
Suppose 18*y - 13*y - 69397 = -2*h, -4*y + 3*h + 55490 = 0. What is the hundreds digit of y?
8
Let t(n) = -n**3 - 5*n**2 + 10*n - 17. Let u be t(-7). Suppose -25*a = -u*a - 672. What is the units digit of a?
8
Let r = 40824 + -16571. What is the thousands digit of r?
4
Suppose 4*x - v = -9, x + 6 = 4*v - 0. What is the hundreds digit of (x/(-2))/(6 + 707/(-118))?
1
Let a = 2214 - -1776. Suppose 0 = 7*u - 12*u + a. Suppose -12*p = -9*p - u. What is the units digit of p?
6
Suppose -p = 2*s - 762, 5*s = 2*p + 2545 - 649. Let w = 679 - s. What is the units digit of w?
9
Let k = 6669 - 3602. Let i = k - 1976. What is the units digit of i?
1
Suppose 2*t = -5*m + 34274, 142*m + 20591 = 145*m + 5*t. What is the tens digit of m?
5
Let v(g) = -2*g + 67. Let a be v(16). What is the units digit of (2 + a/10 + -5)*834?
7
Let i(g) = g**3 + 49*g**2 - 119*g - 126. What is the units digit of i(-48)?
0
What is the units digit of (8 - -3) + (-10564)/(-2)?
3
Let c be 3/1 + ((-615)/(-5))/3. Suppose l - c = -4*x, -3*l = -0*l + 3*x - 114. What is the units digit of l?
6
Suppose 2*v + 3*b + 1166 = 5*b, -v - 2*b = 583. Let r = v - -914. What is the tens digit of r?
3
Suppose -3*v - 3*l = -0*v - 19884, -9*v + 3*l + 59652 = 0. What is the thousands digit of v?
6
Suppose -104212 = -11*p + 110497. What is the hundreds digit of p?
5
Let l(q) = 100*q - 22. What is the units digit of l(5)?
8
What is the tens digit of ((-13)/(-4) - (-11)/44)*(-187080)/(-105)?
3
Suppose -5*s - 5*u = -45, 8*u - 21 = -s + 3*u. Suppose 0 = -0*h + 2*h + 5*d - 33, -2*d = -s. Suppose 4*c - h*c + 725 = 0. What is the hundreds digit of c?
1
Suppose 4*d + 1102 + 130 = -y, d = 4*y + 4877. What is the hundreds digit of y/(-5) + 8/(-2) + 4?
2
Let l(u) = -3*u**2 - 9*u - 2. Let r be l(12). Suppose 3*d + 33 = g, g = d + 11 + 2. What is the tens digit of r/d + (-3)/15?
5
Let i = 26768 + -18047. What is the thousands digit of i?
8
Let y = -116 - -242. Suppose m = -4*w + 6*m + 1090, -m = 3*w - 827. Let o = w - y. What is the tens digit of o?
4
Let n(h) = -h**2 + 8*h - 10. Let a be n(5). Suppose 0 = -5*j - 4*z - 201 + 975, -a*j - 5*z + 775 = 0. What is the tens digit of j?
5
Let r be (36/2)/1 + -3. Let s be 1 + (-3)/(r/5). What is the units digit of s/((-4)/(-1)) + 87?
7
Let u(h) = 110*h + 22. Let f be u(4). Suppose 3*q - 483 = -3*j, q = 3*j - 3*q - f. What is the tens digit of j?
5
Let x(i) = 526*i**2 + i - 14. Let w be x(-4). Suppose -10*t = 3*t - w. What is the hundreds digit of t?
6
Let v = -70 - -45. What is the units digit of ((-1)/3 - v/(-15)) + 106?
4
Suppose 7*k + 191 - 954 = 0. Let a be (-4 - (-1 + -1)) + 2. Suppose a = -y + d + d + k, -y + 115 = -4*d. What is the units digit of y?
3
Let c(q) = -q**2 - 20*q + 65. Let g(o) = 7*o + 37. Let l be g(-8). What is the tens digit of c(l)?
8
Let r(l) = 36*l**2 - 19*l + 3 + 6 - 37*l**2 + 3. Let u = 86 + -104. What is the units digit of r(u)?
0
Let u(y) = -2*y**2 - 30*y - 25. Let l be u(-14). Suppose -3*b + 33 = l*d, -2*d = 2*d + 20. What is the units digit of b?
6
Suppose 761 = -2*x - 99. Let c = x - -818. What is the hundreds digit of c?
3
Suppose 24 - 6 = 9*n. Suppose -5*z + n*r + 35 = 0, -2*r = -z - 0*r + 15. Suppose v = -5*g - 201 + 1093, 0 = z*g - 4*v - 882. What is the units digit of g?
8
Let j(l) = 41*l**2 - 63*l + 371. What is the thousands digit of j(6)?
1
Let p = 937 - 953. Suppose -3*c - 232 = c. Let o = p - c. What is the units digit of o?
2
Let l be 2/(-7) - (348/(-42) + 6). Let z be (l/(-3))/((-4)/108). What is the units digit of 97 + (z/(-2))/(-3)?
0
What is the ten thousands digit of 15*42/(-63) + 30077?
3
Suppose 2986 - 307 = -3*x. Let m = -343 - x. What is the hundreds digit of m?
5
Suppose -2*c = -a - 4271, 17*c - 4286 = 15*c - 4*a. What is the tens digit of c?
3
Suppose -2*i + 3914 = 3*z, -2 = -z + 2*z. Let q be (i/16)/5*1*2. What is the tens digit of (-2 - q/(-14))*(1 + 61)?
9
Let m(u) = -11*u**2 - 799*u + 95. What is the thousands digit of m(-63)?
6
Let o = -15120 - -22174. What is the hundreds digit of o?
0
What is the hundreds digit of -58427*-2*2*(-5)/(-20)?
4
Suppose -2*y - 90 = 4*n, 29 + 33 = -3*n + 4*y. Let m be n/(-55)*(-5)/(-1). Suppose -4 = -s - 9, -107 = -m*i + 3*s. What is the units digit of i?
6
Let i = -2400 + 4584. Suppose -23*k - i = -35*k. What is the tens digit of k?
8
What is the units digit of (-15 - (16 + -9))*-696?
2
Let o = 2522 - -2146. What is the units digit of o?
8
Suppose 18*b - 190750 = 29*b - 25*b. What is the ten thousands digit of b?
1
Suppose 4*z + 0*m = 2*m, -z - 11 = 5*m. What is the hundreds digit of (-35 - -36) + 506/(z + 3)?
2
Suppose w + 6*w - 95647 = -32514. What is the thousands digit of w?
9
Let c be 1/(-5) + (-6)/(-30). Suppose c = z + 2. What is the units digit of (z - 1) + (-35)/(-5)?
4
Let o(j) = 47*j + 128. Let q be o(8). What is the units digit of (-112)/q - (3233/(-9) - 0)?
9
Let w be (-25 + 24)/(1/(-2)). Suppose -4*q = w*p - 70, 0 = p - 2*q - 74 + 19. What is the units digit of p?
5
Let c(s) = 611*s**2 - 322*s + 22. What is the hundreds digit of c(7)?
7
Let q be (-2)/5 + 42/5. Let t = 11472 - 11068. Suppose -q*b + 4*b = -t. What is the hundreds digit of b?
1
Let i = 35 - 30. Suppose 2*g + i*f = -4, -4*f = 4*g - 3 - 1. What is the units digit of (-5)/(-10)*(g - -185 - 0)?
4
Let j(x) = -35*x**3 + x**2 + 8*x - 49. What is the tens digit of j(-8)?
7
Let c(x) = -x**2 + x + 172. Let l = 514 + -514. What is the tens digit of c(l)?
7
Let k(q) = 12*q**2 - 1. Let h be k(-3). Suppose h = -13*t + 302. Suppose -1043 = -t*a + 82. What is the tens digit of a?
7
Suppose 2*t = -3*j + 11201, 2*j + 16808 = -6*t + 9*t. What is the thousands digit of t?
5
Let k(s) = 867*s**2 - 59*s - 183. What is the tens digit of k(-3)?
9
Let r(g) = 2160*g**2 - 10*g + 10. Let z be r(1). Let w = z + -723. What is the units digit of w?
7
Let v(c) = c**2 - 11*c - 21. Let r be v(-12). What is the tens digit of -1 + r - (2 - (-1 - 0))?
5
Let u(w) = 1643*w - 2974. What is the thousands digit of u(15)?
1
Let d(s) be the third derivative of 19*s**6/120 + s**5/60 + s**4/24 - s**3/6 + 9*s**2. Let r = 168 - 167. What is the tens digit of d(r)?
2
Let w(m) = 5*m**3 - 12*m**2 + 14*m + 80. Let f(a) = a**2 + 12*a - 20. Let d be f(2). What is the units digit of w(d)?
4
Let x = -254 + 137. Let t = x + 115. Let z(n) = 39*n**2 + 4*n + 8. What is the hundreds digit of z(t)?
1
Suppose -49*j + 36*j + 120567 = -115292. What is the hundreds digit of j?
1
Suppose z - 4 = 0, d - 9 = -5*z + 16. Let i = d - 3. Suppose -q = -3, 2*b + i*q + 72 = 4*b. What is the units digit of b?
